
2, 31
Let c(l) = -l - 5. Let b be c(-7). Suppose -30 = -b*d - 3*u + u, -45 = -3*d + 3*u. List the prime factors of d.
3, 5
Suppose 2*l = 3*o + 20, 3*o + 8 = 3*l - 4*l. Let q be (-6)/l*10/(-3). Suppose -2*n - d + q*d - 6 = 0, 2*d - 23 = -3*n. What are the prime factors of n?
5
Suppose -2*o + 5*s + 91 = 2*o, 3*s = 3*o - 72. What are the prime factors of o?
29
Let h = 2 + -4. What are the prime factors of (-3)/((-6)/20) - h?
2, 3
Suppose -3*g + 7*g = 8. Suppose 4*n + n = -5*c - 15, 5*n - 3*c - 25 = 0. Suppose g*l + 5*h + 9 = 0, 0 = -5*h - 17 + n. List the prime factors of l.
3
List the prime factors of (-3)/(9/(-15))*9.
3, 5
Suppose -5*x + 18 = 43. Let y = x - -12. What are the prime factors of y?
7
Suppose -4*p - 45 = -3*p. Let h = p - -85. What are the prime factors of h?
2, 5
Let z = 5 - -5. What are the prime factors of z?
2, 5
Let k = 1 - 3. Let h be (-9)/(21/12 + k). Let c = h - 22. What are the prime factors of c?
2, 7
Let a(q) = q**3 - 6*q**2 + q - 4. Let y be a(5). Let k be (y/10)/((-4)/(-30)). Let s = k - -32. What are the prime factors of s?
2, 7
Let x(z) = 2*z - 4. Let w be x(3). List the prime factors of w/3 - (-40)/3.
2, 7
Suppose 4*l - 3*l - 8 = -c, 4 = -c - 5*l. Suppose -3*g - c = p, -3*p + 4*p + 16 = -4*g. Suppose -p*n = -6 - 6. What are the prime factors of n?
3
Let p(w) = -w - 8. Let q be p(-6). Let o be 0/q - (-6 + 2). List the prime factors of (-4)/o - -1*7.
2, 3
Let o(i) = i + 3. List the prime factors of o(13).
2
Let u(s) = s**2 - s - 1. Let n be u(-1). Let f(d) = -3*d + 3*d - 2*d + d + 6*d**2. What are the prime factors of f(n)?
5
Suppose 4*r + 0*j - 35 = j, 0 = -4*j + 20. What are the prime factors of r?
2, 5
Let d(c) = c**3 - 6*c**2 + 4*c. Let h be d(5). List the prime factors of ((-3)/h)/(4/60).
3
Let j = 112 + -80. List the prime factors of j.
2
Let u = -1 + 2. Suppose -2*q + u = -9, 5*v - 2*q = 10. Suppose v*n + i - 63 = 0, -i - 12 = -n + 10. List the prime factors of n.
17
Let p(u) = 6*u**2 + 5*u + 5. What are the prime factors of p(-4)?
3
What are the prime factors of (-3)/(-1) + -4 - -11?
2, 5
Suppose -6*w + 6 + 12 = 0. List the prime factors of w.
3
Suppose 3*t - 153 - 300 = 0. List the prime factors of t.
151
Suppose -9*d = -4*d - 10. Suppose d*z + z = 0. Suppose -5 = 2*b - 5*k, z = 4*b - 2*k + 6*k - 60. What are the prime factors of b?
2, 5
Let f = 6 - 2. Let x = 5 + -3. Suppose -x*j - 4*d = -j - 8, 4*j + f*d - 20 = 0. List the prime factors of j.
2
Let w(y) = y**3 + 6*y**2 + 5*y. Suppose -3*f - 20 = -5. Let p be w(f). Suppose -z + p*z = -7. List the prime factors of z.
7
Suppose 2*n + 3*t - 25 = 0, 3*n - 5 - 15 = -t. Suppose 5*h + 3*g - 180 = 0, n*h + 0*h + g = 170. List the prime factors of h.
3, 11
Suppose 2*o - 8 = o. List the prime factors of 3/(-2)*o/(-6).
2
Let q be (-1)/(3/(-3)) + 2. Suppose 0 = v - q*r - 1 + 5, -4*r = -4*v + 8. What are the prime factors of v?
5
Let l(a) = -a**3 - 2*a**2 + a - 2. Let v be l(-2). Let t(z) = -z**3 - 4*z**2 - 4*z - 3. Let c be t(-3). Let s = c - v. What are the prime factors of s?
2
Let p(b) = -8*b - 23. What are the prime factors of p(-11)?
5, 13
Let r(i) = -9. Let l(w) = 3*w + 4*w - 8*w + 1. Let o(m) = 3*l(m) + r(m). What are the prime factors of o(-6)?
2, 3
Let l(j) = 17*j + 22. What are the prime factors of l(12)?
2, 113
Suppose -1088 - 676 = -4*y. What are the prime factors of y?
3, 7
Let i be 16/(-2) + 2*-1. Suppose -4*r + 19 = -1. Let m = r - i. What are the prime factors of m?
3, 5
Let u(y) = -y**3 + 11*y**2 - 9*y - 7. Suppose 0 = 3*w - 25 - 5. Let p be u(w). Let s(o) = 2*o**2 - 4*o + 3. What are the prime factors of s(p)?
3
Let l = 3 + 2. Suppose -17 = -v + l. List the prime factors of v.
2, 11
Let i be ((0/2)/(-2))/(-1). Suppose -3*g + 3*p + 117 = i, 2*p + 5 = -5. List the prime factors of g.
2, 17
Suppose 2*w - w = 2*g + 17, 5*w = 2*g + 69. What are the prime factors of (-4 - -6)*(w + -2)?
2, 11
Suppose -2*b = -4*b. List the prime factors of (b - 2)/(3/(-18)).
2, 3
Suppose 5*s - 684 = -2*a + 1075, -692 = -2*s + 5*a. List the prime factors of s.
3, 13
Suppose -2*a + 348 = -5*t, 4*t = -a - 4*a + 837. List the prime factors of a.
13
Let q(d) be the second derivative of 5/6*d**3 + 0 - 7/2*d**2 + 3*d. What are the prime factors of q(5)?
2, 3
Let w = -6 + 10. Suppose i - 85 = -w*i. What are the prime factors of i?
17
What are the prime factors of -2 - (-104 - 3)/1?
3, 5, 7
List the prime factors of 310/12 - (-4)/24.
2, 13
List the prime factors of (-3 + 0)/(180/62 - 3).
31
Let u = -241 - -449. List the prime factors of u.
2, 13
Let y(z) = -z**3 + 10*z**2 + 10*z + 6. Let t be y(11). Let c(s) = s**3 + 6*s**2 - 2*s + 2. List the prime factors of c(t).
37
Let h(o) = -o**2 + o + 1. Let v(f) = 3*f**2 - 3*f - 3. Let j(m) = 8*h(m) + 3*v(m). What are the prime factors of j(-2)?
5
Suppose -2 + 14 = 3*p. Suppose -n = p*n - 15. List the prime factors of n.
3
Suppose 0*d = 5*d - 150. Let c = d + -12. List the prime factors of c.
2, 3
Let l = 30 - -73. List the prime factors of l.
103
Let h(j) = 48*j + 5. What are the prime factors of h(2)?
101
Suppose 3*x + 22 = 3*b - 29, 3*b - 53 = x. List the prime factors of b.
2, 3
Suppose -4*m = o - 0*o - 53, -m = -4*o + 297. What are the prime factors of o?
73
Let h(m) = -m**2 - m + 11. Let f(p) = p**2 + p - 10. Let k(y) = 7*f(y) + 6*h(y). What are the prime factors of k(-3)?
2
Let p = 26 - 15. Let m = 0 - 0. Let u = m + p. What are the prime factors of u?
11
Let h be 2/(-8) + (-9)/(-4). Suppose -9 = -c + h. List the prime factors of c.
11
Let g(n) = -n**2 + 2*n + 0*n + 8 + 5*n. Suppose -5*j - 5 - 43 = -4*r, -2*r - 5*j - 6 = 0. List the prime factors of g(r).
2
Let f = 5 - 19. Let y = f + 20. What are the prime factors of (8/y)/((-4)/(-6))?
2
Let w be ((-2)/4)/(2/(-108)). What are the prime factors of ((-36)/w)/(2/(-18))?
2, 3
Let h = -7 - -10. Suppose -h*t + 37 = k, 4*t + 3*k = t + 39. List the prime factors of t.
2, 3
Let z be -2*(-1 - 0/(-2)). Let n be -16 - (4 - 3 - 0). List the prime factors of 1/z + n/(-2).
3
Let r be 32/((-2)/(-4)*1). Suppose v + 3*v = r. List the prime factors of v.
2
Suppose 4*z = -l + 22, -2*z + 15 = -5*z. What are the prime factors of l?
2, 3, 7
Suppose -244 = -0*p - 4*p. List the prime factors of p.
61
Let w be ((-20)/(-6))/(6/9). Suppose -5*k + w*o + 36 = -3*k, 2*o + 30 = 2*k. List the prime factors of k.
13
Let z(w) = -w**2 + 11*w + 10. List the prime factors of z(11).
2, 5
Suppose 2*y + 185 = 5*o, 2*o - y = 7*o - 185. Suppose -h = -o - 5. Suppose -5*v + h + 33 = 0. List the prime factors of v.
3, 5
Let l be (-5)/((-15)/(-27))*-1. Let o(k) = -l*k + k - 3*k - 1. What are the prime factors of o(-1)?
2, 5
Suppose r = a + 46, 5*a + 144 = r + 2*r. Let f = r - 23. What are the prime factors of f?
2, 5
Suppose 13*d + 8 = 2101. What are the prime factors of d?
7, 23
Suppose 5*g = -0*g + 340. What are the prime factors of g?
2, 17
Let i(j) = -16*j - 21. What are the prime factors of i(-8)?
107
Let r = 722 - 467. Suppose -z = -0*d + 5*d - r, 20 = 4*z. Suppose -2*f - 3*f = -d. What are the prime factors of f?
2, 5
Suppose -11*d = -8*d + 15. Let m = 9 - d. List the prime factors of m.
2, 7
Let u = 8 - 5. Let l(m) = -m**2 + 5*m - 4. List the prime factors of l(u).
2
Suppose 3 - 6 = -b. List the prime factors of -33*(-2)/(b + 3).
11
Suppose 3*g - 13 = -4. Suppose g*d - 12 = -0*d. What are the prime factors of d?
2
Let v(u) = 2*u**2 + 2*u**2 + 2 - 3*u**2. Let b be v(0). Suppose -b*x + 12 = -x. What are the prime factors of x?
2, 3
Let o(r) = r**2 - 13*r - 40. List the prime factors of o(-9).
2, 79
Let f(t) = t + 5. What are the prime factors of f(6)?
11
Suppose 5*z = 4*l + 100, 0 = -3*z + 5*l + 37 + 23. List the prime factors of 4/z + (-372)/(-15).
5
Suppose 0*d - 5*d + 25 = 0. List the prime factors of d.
5
Let x(d) = -23*d + 1. What are the prime factors of x(-2)?
47
Suppose -p + 512 = 3*p. What are the prime factors of p?
2
Suppose 4*h + 3*r - 95 = 0, 2*r = -2*h + 29 + 17. What are the prime factors of h?
2, 13
Let h = -136 - -351. List the prime factors of h.
5, 43
Suppose 4*l - 3*l - 61 = -2*o, -4*l + 232 = 5*o. What are the prime factors of l?
53
Let y(s) = s**3 - 4*s**2 - 5*s + 3. Let b be y(5). Let g be (-16)/6 + (-1)/b. What are the prime factors of ((-2 - g) + 11)/1?
2, 3
Let m(g) = 3*g**2 - 15*g + 36. List th